te?
False
Let a be -2*2*(-3)/(-12). Is (-10167 + -1 + a)/(-1) composite?
False
Let q(a) = -a**2 + 82*a + 862. Let k be q(-53). Suppose 4*j = -5*p + 2343 - 51371, -4*p - j = 39218. Let u = k - p. Is u a prime number?
True
Suppose 0 = -p + 9998 + 18367. Suppose q - 5063 = 5*z + 581, -5*q = 4*z - p. Is q composite?
False
Let f = 10487 + 1115. Suppose -13*u + 13033 = -f. Suppose -u = -h + 42. Is h a prime number?
False
Let n(l) = -103*l**3 - 8*l**2 + 35*l + 152. Is n(-10) a composite number?
True
Suppose 258 - 3462 = 6*w. Is 186/(-45)*w + 2/(-10) a prime number?
True
Let y(p) = 678*p**2 - 12*p + 11. Is y(-5) a composite number?
False
Suppose 0 = 16*i - 17*i + 11. Suppose 4*m = -i*m + 3855. Is m composite?
False
Let w(q) = -3*q**3 + 56*q**2 + 50*q - 29. Let c(m) = 2*m**3 - m**2 - 1. Let a(g) = 2*c(g) + w(g). Is a(-48) composite?
False
Let i(z) = -3*z - 551. Suppose 5*s - 2 = -w, 0 = -6*s + 2*s + 5*w - 10. Let f be i(s). Let p = 167 - f. Is p prime?
False
Suppose h + 10 = 3*t, -4*t = -5*h + 9 - 4. Suppose -4*x = t*j - 185925 + 57460, j + 3*x - 25682 = 0. Is j a composite number?
True
Let w(a) be the third derivative of -23*a**7/1008 - 7*a**6/360 - a**5/20 + 30*a**2. Let g(x) be the third derivative of w(x). Is g(-3) a composite number?
False
Suppose 5170 = -14*d + 15*d. Let r = -2470 + d. Let n = 199 + r. Is n a composite number?
True
Suppose -3*x + 3 + 0 = 3*d, 2*x + 12 = 5*d. Let l(p) = 244*p**2 + 2*p - 1. Is l(d) a prime number?
False
Let u(f) = -427*f - 201*f + 6 - 3 + 9. Let v(l) = 157*l - 3. Let h(j) = -2*u(j) - 9*v(j). Is h(-8) composite?
False
Suppose -182023193 = -449*z + 268*z. Is z a prime number?
False
Suppose 34*j - 78240 = 11*j + 729037. Is j prime?
True
Let u = -280 - -322. Suppose -u*i + 9*i = -41547. Is i prime?
True
Let m(g) = 2*g - 11. Let l be m(10). Let r(y) = -284*y - 37. Let d be r(l). Let a = -200 - d. Is a prime?
True
Is (-282772)/(-5) - (-3 - 85/(-25)) a composite number?
True
Let r = -95 - -92. Let i(q) = -19*q**3 + q**2 + 5*q + 4. Is i(r) a prime number?
False
Suppose -8*t = 4*z - 5*t - 275, 0 = 3*z + 2*t - 205. Is z/(-78) + 78402/36 prime?
False
Suppose -42*q + 3*n = -43*q + 135713, q - 2*n - 135693 = 0. Is q a composite number?
False
Suppose -11888 = -5*b + 41957. Let i = b + -7651. Is i a composite number?
True
Is (11759/(-66))/((-12)/5976) composite?
True
Let k(s) = 2*s**2 - 10*s + 19. Let p = -16 - -7. Let r be k(p). Is 20/5 + -1 + r a prime number?
False
Is 3/((-12)/(-6309208))*2/4 a composite number?
False
Suppose -5*r + 65 = 5*c, 5*r - 81 - 24 = 3*c. Suppose -r*f = -19*f - 682. Let t = f + 1799. Is t a composite number?
False
Let h be (-92)/((-695)/685 - -1). Let w = 8933 - h. Is w a composite number?
True
Suppose n - 689163 = -2*v, 2*n + 2 - 12 = 0. Is v a composite number?
True
Suppose 0 = -2*p + 11 - 5. Suppose 4*f + p*f = 28. Suppose 7*b + 251 = 5*m + 6*b, -16 = -f*b. Is m a prime number?
False
Suppose 0 = 79*k - 7320640 + 1267739. Is k prime?
False
Suppose 5*a = -5*j + 27203 - 1418, 2*j + a - 10311 = 0. Let g be 4/(-2 + -2)*3353. Let y = g + j. Is y prime?
True
Suppose -277821 + 2911916 = 28*p - 5602245. Is p composite?
True
Let m = 372 + -271. Suppose 0 = m*r - 100*r - 25089. Is r a composite number?
True
Let m be (-34 - -33)/(1*(-1)/15769). Suppose 4*d - c = -0*d + 21008, 3*d - 4*c = m. Is d a prime number?
False
Suppose -g - 5318 = 4*h, -4*g - h - 22342 + 1100 = 0. Let d = -3037 - g. Suppose -x - 4*x + 2288 = -s, 4*s = -5*x + d. Is x a composite number?
False
Is (2 - -1)/((-366)/(-139808462)) a prime number?
True
Suppose -36*l + 259*l = -0*l + 2238251. Is l prime?
True
Let i(l) = -7*l - 5. Let m be i(-2). Let k be 3/m*-17*-30. Let r = k + -87. Is r a prime number?
True
Let w(l) = l**2 + 27*l + 62. Let n be w(-27). Is 637298/n*2/2 a composite number?
True
Let l(q) = 2779*q + 5. Let a be l(8). Suppose -3*y - 9 = 0, -4*j + a = 4*y + y. Is j prime?
True
Let n be ((-7)/(-2))/7*-6. Let a be -2 + 1 + n/(3 + 0). Is 3/(-9)*222/a prime?
True
Let k be (-8 - -15)/((-3)/63). Let g = 404 + k. Is g prime?
True
Suppose 199*h = 7288146 + 11935527 + 6512798. Is h composite?
True
Suppose 148*w + 204342 = 2134706. Is w a composite number?
False
Let m(v) = -73*v**2 + 13*v - 67. Let p be m(4). Let c = 8700 + p. Is c composite?
False
Let w(i) = i**3 - 2*i**2 + 4*i - 12. Let v be w(7). Suppose 4*f - 7476 = -3*f. Let k = f - v. Is k prime?
False
Let t = 3850 - 2503. Suppose 1252 = 7*u - 9*u. Let j = u + t. Is j prime?
False
Let i be 405 - 4 - 1*20/(-4). Let x = -279 + i. Is x a composite number?
False
Let k be (-628)/(-6) - 64/(-48). Suppose 8*l + 22 + k = 0. Is (-20650)/l - 12/(-32) a composite number?
False
Let b = 454144 - -246849. Is b composite?
False
Suppose 7560 = -4*w - 4*d, 2*w - 4*d + 0*d + 3774 = 0. Suppose 2*s + 860 = 3*v, 3*s - 2*v + 667 = -623. Let k = s - w. Is k a composite number?
False
Let i(p) = p - 14. Let g be i(13). Let m be (4/8)/(g/(-4)). Suppose 2*x + h - 1377 = 0, -m*h + 6*h = 2*x - 1402. Is x prime?
True
Let d(p) = 1718*p**3 + 2*p - 8. Let n be d(3). Let g = n + -21135. Is g prime?
False
Suppose 39065 = 7*t - 201007. Suppose 0 = 4*p - 5*k - t, -p - 7*k = -10*k - 8567. Is p composite?
True
Suppose -j - m + 0*m = 4, -5 = m. Is (-7 - -16)*j - -1750 composite?
False
Suppose 2*h + 759411 + 724316 = 3*r, h - 1978321 = -4*r. Is r a prime number?
False
Suppose 0 = 22*c + 63938 - 3790. Let w = 3189 - c. Is w prime?
True
Suppose 8*j = -57 - 39. Is 39*4*(-3)/j*1 composite?
True
Let c be -1 - -3 - (-96 + 8). Suppose 2*p = 3*i - 291 - c, -p = -i + 189. Let s = p + 1087. Is s prime?
False
Let g = -25825 + 6270. Let a = -1076 - g. Is a a prime number?
False
Let m be 6/15 + 48/5. Let b be 24/m*140/21. Suppose b*x + 1655 = 21*x. Is x prime?
True
Is (8 - 17/((-595)/608734)) + 6/10 a prime number?
True
Suppose -5*q + b = -516367, -22*b - 516357 = -5*q - 26*b. Is q composite?
True
Suppose -35*n = -27*n - 944. Let i = 937 + n. Is i a composite number?
True
Let d be ((-601)/3)/((-2)/6). Suppose -1 = 4*p + 19, 5*p + d = 3*u. Let t = u - -277. Is t a prime number?
False
Let n(x) = x**3 - 14*x**2 + 10*x + 45. Let y be n(13). Suppose -y*u - 53102 = -20*u. Is u prime?
True
Suppose -4*i + 117491 = -l - 17442, -2*i + 6*l + 67516 = 0. Is i composite?
True
Let f(v) = -17*v + 50 + 6*v + 403*v**2 - 1 - 77*v**2. Is f(-8) prime?
True
Is 75387 - (475/75 + ((-10)/(-6) - 2)) a composite number?
True
Let n = -19322 + 30007. Is n a prime number?
False
Suppose 2*m - 3*m = -671. Let i = m - -86. Is i a composite number?
False
Suppose -2*d + 37*j + 40559 = 34*j, -4*j = 3*d - 60847. Is d a composite number?
True
Let d(y) = 78*y - 544. Let t be d(7). Suppose 2*a + 4*q = -0*q + 11772, 0 = 2*q - 10. Suppose -5*s + 2369 = t*c, 3*s + a = 3*c + 2*c. Is c prime?
False
Let s(o) = o**3 + 11*o**2 - 8*o - 16. Let u be s(-12). Let y = 70 + u. Suppose j = -y*l + l + 5340, 2*l - 2133 = -j. Is l a composite number?
False
Let n(m) = -m**3 + 419. Suppose -24 = -3*w - 4*c + 7, 4*c = -4*w + 36. Suppose 0*i - 10 = -w*r + 2*i, -i - 5 = 4*r. Is n(r) prime?
True
Let t(z) = 2*z + 4. Let o be t(-6). Let d(q) = -1081*q - 11. Is d(o) composite?
True
Let i = 4493 + 65316. Is i a composite number?
False
Let d be (-36148)/(-24) - ((-52)/(-24))/13. Let q = d - 991. Is q composite?
True
Let q(t) = 263*t**3 + 2*t**2 - 7*t + 5. Suppose -16*r + 1 = -31. Is q(r) a composite number?
True
Let j = -31 + 112. Let p = -28 - j. Let g = p - -962. Is g composite?
False
Let t(z) = 54*z - 19. Let m(p) = 108*p - 38. Let v(h) = -4*m(h) + 9*t(h). Is v(26) prime?
False
Let j(g) = -g**2 - 3*g + 31. Let t be j(-7). Suppose 0*i - 2*v + 8 = t*i, -22 = -3*i + 5*v. Suppose 0 = -i*b - 2*y - y + 850, 201 = b - 5*y. Is b prime?
True
Let t = -71 + 70. Let f(a) = 5*a**3 + 9*a**2 - 10*a + 18. Let h(o) = -o**3 - 1. Let x(g) = t*f(g) - 4*h(g). Is x(-11) composite?
True
Let l be (-1 + 1)/(-1 + -1). Let u be (-2)/(l - (-3 - -4)). Suppose -626 = -2*q + u*k, q + 3*k - 301 = k. Is q a prime number?
False
Let j = 38408 + -19437. Is j a composite number?
True
Let m = 61 + -28. Is 784 + 91/77 + (-6)/m a composite number?
True
Suppose b + 171 = -5*h, -4*b - 373 = 2*h + 401. Let o = b - -934. Suppose 231 = 3*w - o. Is w a prime number?
False
Let k = 389 + 2237. Suppose y + 34 = 2*l, l + 4*y - 22 + 5 = 0. Suppose l*